{"id":15,"date":"2022-11-05T11:53:45","date_gmt":"2022-11-05T10:53:45","guid":{"rendered":"https:\/\/musikwerkstattgeisenhausen.de\/?page_id=15"},"modified":"2023-09-05T21:41:25","modified_gmt":"2023-09-05T19:41:25","slug":"links","status":"publish","type":"page","link":"https:\/\/musikwerkstattgeisenhausen.de\/?page_id=15","title":{"rendered":"Links"},"content":{"rendered":"\n<div class=\"wp-block-columns alignwide are-vertically-aligned-center is-layout-flex wp-container-8 wp-block-columns-is-layout-flex\">\n<div class=\"wp-block-column is-vertically-aligned-center is-layout-flow wp-block-column-is-layout-flow\">\n<figure class=\"wp-block-image size-large\"><a href=\"https:\/\/geisenhausenersaitenmusik.de\/\" target=\"_blank\" rel=\"noreferrer noopener\"><img decoding=\"async\" loading=\"lazy\" width=\"1024\" height=\"682\" src=\"https:\/\/musikwerkstattgeisenhausen.de\/wp-content\/uploads\/2023\/08\/GSM-1024x682.jpeg\" alt=\"\" class=\"wp-image-177\" srcset=\"https:\/\/musikwerkstattgeisenhausen.de\/wp-content\/uploads\/2023\/08\/GSM-1024x682.jpeg 1024w, https:\/\/musikwerkstattgeisenhausen.de\/wp-content\/uploads\/2023\/08\/GSM-300x200.jpeg 300w, https:\/\/musikwerkstattgeisenhausen.de\/wp-content\/uploads\/2023\/08\/GSM-768x512.jpeg 768w, https:\/\/musikwerkstattgeisenhausen.de\/wp-content\/uploads\/2023\/08\/GSM-1536x1023.jpeg 1536w, https:\/\/musikwerkstattgeisenhausen.de\/wp-content\/uploads\/2023\/08\/GSM.jpeg 1600w\" sizes=\"(max-width: 1024px) 100vw, 1024px\" \/><\/a><figcaption class=\"wp-element-caption\">Geisenhausener Saitenmusik<\/figcaption><\/figure>\n\n\n\n<p class=\"has-text-color\" style=\"color:#7a7a7a\"><\/p>\n<\/div>\n\n\n\n<div class=\"wp-block-column is-vertically-aligned-center is-layout-flow wp-block-column-is-layout-flow\">\n<figure class=\"wp-block-gallery aligncenter has-nested-images columns-default is-cropped wp-block-gallery-2 is-layout-flex wp-block-gallery-is-layout-flex\"><div class=\"wp-block-image\">\n<figure class=\"aligncenter size-full\"><a href=\"http:\/\/www.barbarasingers.de\/\" target=\"_blank\" rel=\"noreferrer noopener\"><img decoding=\"async\" loading=\"lazy\" width=\"170\" height=\"163\" src=\"https:\/\/musikwerkstattgeisenhausen.de\/wp-content\/uploads\/2023\/08\/Barbara_Singers.gif\" alt=\"\" class=\"wp-image-178\"\/><\/a><\/figure><\/div><\/figure>\n\n\n\n<p class=\"has-text-color\" style=\"color:#7a7a7a\"><\/p>\n<\/div>\n\n\n\n<div class=\"wp-block-column is-vertically-aligned-center is-layout-flow wp-block-column-is-layout-flow\">\n<figure class=\"wp-block-gallery aligncenter has-nested-images columns-default is-cropped wp-block-gallery-5 is-layout-flex wp-block-gallery-is-layout-flex\">\n<figure class=\"wp-block-image\"><a href=\"http:\/\/www.pianoschweisser.de\/\" target=\"_blank\" rel=\"noreferrer noopener\"><img decoding=\"async\" src=\"https:\/\/musikwerkstattgeisenhausen.de\/wp-content\/uploads\/2022\/11\/schweisser.png\" alt=\"\" class=\"wp-image-100\"\/><\/a><\/figure>\n<\/figure>\n\n\n\n<p class=\"has-text-align-center has-black-color has-text-color has-medium-font-size\"><\/p>\n<\/div>\n<\/div>\n\n\n\n<div class=\"wp-block-columns alignwide are-vertically-aligned-center is-layout-flex wp-container-14 wp-block-columns-is-layout-flex\">\n<div class=\"wp-block-column is-vertically-aligned-center is-layout-flow wp-block-column-is-layout-flow\"><div class=\"wp-block-image\">\n<figure class=\"aligncenter size-full\"><a href=\"https:\/\/musik-kolbeck.de\/\" target=\"_blank\" rel=\"noreferrer noopener\"><img decoding=\"async\" loading=\"lazy\" width=\"288\" height=\"40\" src=\"https:\/\/musikwerkstattgeisenhausen.de\/wp-content\/uploads\/2022\/11\/kolbeck.png\" alt=\"\" class=\"wp-image-91\"\/><\/a><\/figure><\/div>\n\n\n<p class=\"has-text-align-center has-black-color has-text-color has-medium-font-size\"><\/p>\n<\/div>\n\n\n\n<div class=\"wp-block-column is-vertically-aligned-center is-layout-flow wp-block-column-is-layout-flow\">\n<figure class=\"wp-block-gallery aligncenter has-nested-images columns-default is-cropped wp-block-gallery-10 is-layout-flex wp-block-gallery-is-layout-flex\"><div class=\"wp-block-image\">\n<figure class=\"aligncenter size-full\"><a href=\"https:\/\/www.kamhuber.de\/\" target=\"_blank\" rel=\"noreferrer noopener\"><img decoding=\"async\" loading=\"lazy\" width=\"133\" height=\"94\" src=\"https:\/\/musikwerkstattgeisenhausen.de\/wp-content\/uploads\/2022\/11\/kamhuber.png\" alt=\"\" class=\"wp-image-90\"\/><\/a><\/figure><\/div><\/figure>\n\n\n\n<p class=\"has-text-align-center has-black-color has-text-color has-medium-font-size\"><\/p>\n<\/div>\n\n\n\n<div class=\"wp-block-column is-vertically-aligned-center is-layout-flow wp-block-column-is-layout-flow\">\n<figure class=\"wp-block-image size-full\"><a href=\"https:\/\/ingrid-gerbl-musik-fuers-leben.jimdofree.com\/\" target=\"_blank\" rel=\"noreferrer noopener\"><img decoding=\"async\" loading=\"lazy\" width=\"518\" height=\"354\" src=\"https:\/\/musikwerkstattgeisenhausen.de\/wp-content\/uploads\/2023\/09\/Musik-fuers-Leben.jpg\" alt=\"\" class=\"wp-image-266\" srcset=\"https:\/\/musikwerkstattgeisenhausen.de\/wp-content\/uploads\/2023\/09\/Musik-fuers-Leben.jpg 518w, https:\/\/musikwerkstattgeisenhausen.de\/wp-content\/uploads\/2023\/09\/Musik-fuers-Leben-300x205.jpg 300w\" sizes=\"(max-width: 518px) 100vw, 518px\" \/><\/a><figcaption class=\"wp-element-caption\">Musik f\u00fcrs Leben<\/figcaption><\/figure>\n\n\n\n<p class=\"has-text-align-center has-black-color has-text-color has-medium-font-size\"><br><\/p>\n<\/div>\n<\/div>\n\n\n\n<div style=\"height:100px\" aria-hidden=\"true\" class=\"wp-block-spacer\"><\/div>\n\n\n\n<p class=\"has-text-align-center\">Wir weisen nochmal ausdr\u00fccklich darauf hin:<br>Trotz sorgf\u00e4ltiger Kontrolle \u00fcbernehmen wir keine Haftung f\u00fcr die Inhalte<br>von hier verwendeter externer Links.<br>F\u00fcr den Inhalt der verlinkten Seiten sind ausschlie\u00dflich deren Betreiber verantwortlich.<br>Die hier ver\u00f6ffentlichten Daten sind urheberrechtlich gesch\u00fctzt.<br>Es wird keine Haftung f\u00fcr Fehler im Text und fehlerhafte Verlinkungen \u00fcbernommen.<\/p>\n\n\n\n<div style=\"height:100px\" aria-hidden=\"true\" class=\"wp-block-spacer\"><\/div>\n","protected":false},"excerpt":{"rendered":"<p>Wir weisen nochmal ausdr\u00fccklich darauf hin:Trotz sorgf\u00e4ltiger Kontrolle \u00fcbernehmen wir keine Haftung f\u00fcr die Inhaltevon hier verwendeter externer Links.F\u00fcr den Inhalt der verlinkten Seiten sind ausschlie\u00dflich deren Betreiber verantwortlich.Die hier ver\u00f6ffentlichten Daten sind urheberrechtlich gesch\u00fctzt.Es wird keine Haftung f\u00fcr Fehler im Text und fehlerhafte Verlinkungen \u00fcbernommen.<\/p>\n","protected":false},"author":2,"featured_media":0,"parent":0,"menu_order":0,"comment_status":"closed","ping_status":"closed","template":"","meta":{"footnotes":""},"_links":{"self":[{"href":"https:\/\/musikwerkstattgeisenhausen.de\/index.php?rest_route=\/wp\/v2\/pages\/15"}],"collection":[{"href":"https:\/\/musikwerkstattgeisenhausen.de\/index.php?rest_route=\/wp\/v2\/pages"}],"about":[{"href":"https:\/\/musikwerkstattgeisenhausen.de\/index.php?rest_route=\/wp\/v2\/types\/page"}],"author":[{"embeddable":true,"href":"https:\/\/musikwerkstattgeisenhausen.de\/index.php?rest_route=\/wp\/v2\/users\/2"}],"replies":[{"embeddable":true,"href":"https:\/\/musikwerkstattgeisenhausen.de\/index.php?rest_route=%2Fwp%2Fv2%2Fcomments&post=15"}],"version-history":[{"count":52,"href":"https:\/\/musikwerkstattgeisenhausen.de\/index.php?rest_route=\/wp\/v2\/pages\/15\/revisions"}],"predecessor-version":[{"id":272,"href":"https:\/\/musikwerkstattgeisenhausen.de\/index.php?rest_route=\/wp\/v2\/pages\/15\/revisions\/272"}],"wp:attachment":[{"href":"https:\/\/musikwerkstattgeisenhausen.de\/index.php?rest_route=%2Fwp%2Fv2%2Fmedia&parent=15"}],"curies":[{"name":"wp","href":"https:\/\/api.w.org\/{rel}","templated":true}]}}